-34568 - 5?
-34574
In base 5, what is -4 - 211043221?
-211043230
In base 8, what is -162111 + -5?
-162116
In base 8, what is -14 - -6746?
6732
In base 5, what is 33313 + -130?
33133
In base 10, what is -3 - 232758?
-232761
In base 4, what is -32300 + -13220?
-112120
In base 14, what is -17 - 93?
-aa
In base 16, what is 11 - -25bd?
25ce
In base 8, what is 1012 - 723?
67
In base 4, what is -31321 + -333?
-32320
In base 16, what is 2a - 4f4?
-4ca
In base 12, what is 8 - -95a3?
95ab
In base 4, what is -1312 + -2302312?
-2310230
In base 3, what is 1211100 + -101?
1210222
In base 6, what is 5 + 1032215?
1032224
In base 10, what is 570 - 103?
467
In base 8, what is 10 + 613?
623
In base 12, what is 19 + -10945?
-10928
In base 14, what is 109652 - 1?
109651
In base 14, what is -b8 + 9d9?
921
In base 10, what is 344246 - 7?
344239
In base 6, what is 22153 - -4541?
31134
In base 4, what is 103301 - -21013?
130320
In base 16, what is 3 - 33fd6?
-33fd3
In base 2, what is 11 + 1001010100010010?
1001010100010101
In base 2, what is 1100001011 + 11101111101?
101010001000
In base 7, what is 611233 + -4?
611226
In base 11, what is -91400 + 1?
-913aa
In base 5, what is -1432130 + 11?
-1432114
In base 11, what is 31 + -6389?
-6358
In base 14, what is 4 - -34024?
34028
In base 12, what is 5 + -96b?
-966
In base 5, what is 2224424 - 3?
2224421
In base 6, what is 11421101 - 1?
11421100
In base 4, what is -113 - 30312210?
-30312323
In base 6, what is -454511 - 3?
-454514
In base 5, what is -300130 - 1130?
-301310
In base 11, what is -4985 + -3?
-4988
In base 5, what is 22 + -21413?
-21341
In base 5, what is 3 - 403412?
-403404
In base 8, what is 50 - 17?
31
In base 9, what is 2 - -31015?
31017
In base 5, what is 1142410 + -20?
1142340
In base 12, what is -297 - -11?
-286
In base 9, what is -1 - -56847?
56846
In base 12, what is 29986 + 0?
29986
In base 13, what is -1 + 8c?
8b
In base 9, what is -235412 + -1?
-235413
In base 8, what is -4201 - 0?
-4201
In base 3, what is 12200 - 202121?
-112221
In base 15, what is -1829 + -13a?
-1964
In base 9, what is 52 + -3264?
-3212
In base 10, what is -61 + 10658?
10597
In base 12, what is -27819 - -2?
-27817
In base 10, what is -1 - 11925?
-11926
In base 16, what is 4b9b - c?
4b8f
In base 8, what is 143 + -35066?
-34723
In base 4, what is -22 - -210003030?
210003002
In base 14, what is 2c1 - -38?
319
In base 15, what is -1be1 - -3b?
-1ba5
In base 4, what is 230 + -2222120?
-2221230
In base 4, what is -3213110 - 12?
-3213122
In base 11, what is -5 + -11a452?
-11a457
In base 3, what is 1012121 + 101021?
1120212
In base 16, what is 24d1b + 1?
24d1c
In base 2, what is 101010001111100 + 100?
101010010000000
In base 8, what is 77 - -2725?
3024
In base 10, what is 320 - -467?
787
In base 3, what is -10000102001 - 121?
-10000102122
In base 7, what is 445516 + 2?
445521
In base 15, what is -215 - -11?
-204
In base 8, what is -3 - 27127?
-27132
In base 6, what is 14 - 1404415?
-1404401
In base 9, what is -8028755 - 3?
-8028758
In base 8, what is -21 - 4334?
-4355
In base 16, what is -6aa + -2e?
-6d8
In base 6, what is -11302 + -4245?
-15551
In base 11, what is -108998 - 5?
-1089a2
In base 3, what is 112022011 + -12?
112021222
In base 15, what is -d3 - 2ac?
-390
In base 16, what is 4e84b - 2?
4e849
In base 5, what is -4131 + 13010?
3324
In base 11, what is -4166 + -3a?
-41a5
In base 3, what is 2201110 + -100?
2201010
In base 8, what is 11 + -127510?
-127477
In base 7, what is 3 - 3032?
-3026
In base 6, what is -2211004 + 0?
-2211004
In base 2, what is -100000000000 + 1110?
-11111110010
In base 10, what is 3181 + -63?
3118
In base 5, what is 10 - -31241042?
31241102
In base 5, what is -3004312 - 3?
-3004320
In base 5, what is -3 - -312200?
312142
In base 4, what is -10331322 + -2301?
-11000223
In base 14, what is -1 - -2d69?
2d68
In base 13, what is -739135 - 2?
-739137
In base 15, what is -3d18e + 5?
-3d189
In base 8, what is -733 - 15277?
-16232
In base 14, what is -2a0 - -163c?
137c
In base 16, what is -3d - 7d7?
-814
In base 12, what is b24 - 2b?
ab5
In base 13, what is -c8 - -25?
-a3
In base 14, what is c12a + -88?
c082
In base 9, what is 58511 - 5?
58505
In base 15, what is a1 + -2b3d?
-2a8c
In base 6, what is 14015 - 102?
13513
In base 5, what is -10 + -12330032?
-12330042
In base 13, what is -5 + 5435?
5430
In base 9, what is 3503 - 77?
3415
In base 13, what is -5 + 33a8?
33a3
In base 3, what is 12 + 11100011020?
11100011102
In base 12, what is -5 + 9b5b5?
9b5b0
In base 6, what is 120124 + -1?
120123
In base 10, what is 124045 + -10?
124035
In base 4, what is 21020133 + -101?
21020032
In base 15, what is -a33a + 7?
-a333
In base 16, what is -3 + 2519?
2516
In base 12, what is 150 - -18?
168
In base 7, what is 6 + -2142?
-2133
In base 4, what is -11 + -222110?
-222121
In base 15, what is 20e8 - -b?
2104
In base 9, what is 11740 + 186?
12036
In base 8, what is -2153525 - 2?
-2153527
In base 16, what is 71437 - -f?
71446
In base 6, what is 2430 - -11124?
13554
In base 8, what is 6 - -162362?
162370
In base 13, what is 25 + -11c2?
-119a
In base 15, what is -28 - 72?
-9a
In base 15, what is 7 + -684b8?
-684b1
In base 3, what is 1222111102212 + 11?
1222111110000
In base 6, what is 0 - 204225?
-204225
In base 9, what is 35727 + -5?
35722
In base 3, what is 20102 + -110212?
-20110
In base 9, what is -11425 + 10?
-11415
In base 6, what is -3 - 5315105?
-5315112
In base 16, what is -4bcc06 + -5?
-4bcc0b
In base 10, what is 163 - 25?
138
In base 6, what is 2 - 10501223?
-10501221
In base 7, what is 11345116 - -1?
11345120
In base 12, what is -3233 - -113?
-3120
In base 4, what is -103322010 - 102?
-103322112
In base 4, what is 11321 - -121022?
133003
In base 8, what is -27475541 + 2?
-27475537
In base 7, what is 40655 + -35?
40620
In base 11, what is 36073 - -13?
36086
In base 16, what is -4f6 - 62?
-558
In base 3, what is -2 - 1202211212?
-1202211221
In base 9, what is 22 + -3526?
-3504
In base 6, what is 22102020 + 4?
22102024
In base 9, what is -13 - -153?
140
In base 6, what is -21554122 + -4?
-21554130
In base 14, what is -127 - -8c?
-79
In base 6, what is 342124 - 113?
342011
In base 16, what is 379 - 12?
367
In base 13, what is -3 - -14124?
14121
In base 13, what is 7a - -5aca?
5b77
In base 5, what is -2 - 124122?
-124124
In base 11, what is -3 - 6645?
-6648
In base 2, what is 1101100 - -1110001?
11011101
In base 7, what is -10003011 - 5?
-10003016
In base 4, what is -3102 + -213203?
-222311
In base 8, what is -4173 - -2631?
-1342
In base 3, what is -2 + -1210102111?
-1210102120
In base 13, what is 56 - 88?
-32
In base 3, what is -2101 + -102221121?
-110000222
In base 11, what is 4855 + -a2?
4763
In base 10, what is 4262 - -45?
4307
In base 14, what is 16 + -40?
-28
In base 4, what is 100201321 + 13?
100202000
In base 8, what is 5464 - -4?
5470
In base 2, what is -10100110 + 111000100011?
110101111101
In base 14, what is 5 + 333c?
3343
In base 10, what is -234 - 1502?
-1736
In base 3, what is 12000020221202 + 0?
12000020221202
In base 11, what is 2a72 + -8?
2a65
In base 12, what is -13141 + -5?
-13146
In base 14, what is -75244 + -3?
-75247
In base 7, what is -31 - 1336?
-1400
In base 10, what is 3664 - -5?
3669
In base 8, what is 4326 + -2?
4324
In base 4, what is 3101 - -102003?
111110
In base 4, what is 212 - -123122?
130000
In base 7, what is 6 - -123335?
123344
In base 9, what is 5163 - -2357?
7531
In base 7, what is 14 - 13356?
-13342
In base 12, what is 5 + -336468?
-336463
In base 5, what is -4023232 + 0?
-4023232
In base 15, what is -3 - -7882?
787e
In base 3, what is 11010110021 + 1021?
11010111112
In base 4, what is -333022 + -202?
-333230
In base 14, what is 3 - -153c75?
153c78
In base 9, what is 107252 + -4?
107247
In base 15, what is -1 + 26d1?
26d0
In base 2, what is -101001111101101 - 100?
-101001111110001
In base 15, what is -26b - -216?
-55
In base 9, what is -2 - 525160?
-525162
In base 14, what is 0 - -4ac9a?
4ac9a
In base 10, what is -48 - -483?
435
In base 11, what is -4 + -6a63?
-6a67
In base 12, what is -1 - -1ba42?
1ba41
In base 12, what is 6202 + 1?
6203
In base 14, what is 4 + -1052b?
-10527
In base 16, what is 233b + -6b?
22d0
In base 15, what is -a + -75?
-80
In base 4, what is -1021 + -3323020?
-333010